. List the prime factors of k.
7
List the prime factors of 27008/6 - ((-2080)/(-9120) - (-2)/19).
7, 643
Let x(k) = -3*k**3 - 2*k**2 - 2*k + 3. Let t = 52 - 54. Let y be x(t). Suppose 3366 = y*m - 6*m. List the prime factors of m.
2, 3, 11
List the prime factors of ((-45)/(-6))/((-70)/(-197232)).
2, 3, 587
Let o(f) = 14*f + 2. Let s be o(0). Suppose 5*w - 445 - 2650 = 5*m, -w + s*m + 615 = 0. What are the prime factors of w?
7, 89
Suppose -6*d + 3*d = 12*d - 224310. List the prime factors of d.
2, 7477
Let m = -115 - -178. Let b = 113 + m. List the prime factors of b.
2, 11
Suppose 26*h + 282 = 24*h. Let f = -216 - h. List the prime factors of (8/(-10))/(6/f).
2, 5
Let h = -38915 - -47568. List the prime factors of h.
17, 509
Let a(j) = -2*j**3 - 8*j**2 - 7*j - 24. Let z be a(-4). Suppose w - 4*p = 781 + 205, z*p = 0. List the prime factors of w.
2, 17, 29
Suppose 3 + 22 = 5*d. Suppose d*g = 9*g - 164. Suppose -2*y = 5*b - g, 2*y - 3*b = -y + 9. List the prime factors of y.
2
Let h(q) = 3*q**3 - 2*q**2 + q + 1. Let a be h(2). Let l(k) = -k**2 + 36*k - 53. What are the prime factors of l(a)?
2, 3, 5
Let k = 254 - 80. Let i be (1 - 0 - 0) + -111. Let c = k + i. What are the prime factors of c?
2
Let f(r) = 8*r**3 + 56*r**2 - 4*r - 93. Let n(v) = 3*v**3 + 19*v**2 - v - 30. Let h(i) = -4*f(i) + 11*n(i). List the prime factors of h(17).
3, 5, 47
Suppose 4 + 2300 = 9*z. What are the prime factors of ((-27840)/z)/(3/(-20))?
5, 29
Let t = -1253 - -2146. Let j = -410 + t. Suppose -5*k + j = 2*k. What are the prime factors of k?
3, 23
List the prime factors of (6180/180)/(5/7710).
2, 103, 257
Let o = -582 - -7775. What are the prime factors of o?
7193
Let t = -33 + 39. Suppose 2*r + 1592 = t*r. List the prime factors of r.
2, 199
List the prime factors of ((-1)/(70/43568))/(2/(-10)).
2, 389
Suppose -4*n - 23473 = 4*l - 77561, 0 = 2*n - 2*l - 27040. List the prime factors of n.
3, 4507
Let o(l) be the third derivative of 11*l**4/12 - 40*l**3/3 - 10*l**2. List the prime factors of o(16).
2, 17
Suppose -12*i = -22*i + 10660. What are the prime factors of (-250)/(-375) + (i/3)/1?
2, 89
Let h(l) = -l**3 - 3*l**2 + 2*l - 8. Let s(d) = d - 11. Let a be s(5). Let n be h(a). Suppose -n*g = -89*g + 51. What are the prime factors of g?
3, 17
Suppose 18397 = 3*o + 5*z, -4*o + 24548 = 64*z - 62*z. List the prime factors of o.
7, 877
Suppose 5*j - 3*v = 227114, 5*v = -219*j + 216*j + 136316. List the prime factors of j.
45427
Suppose -4*n = -8, 11 = -2*i + 5*n + 3. Let r be -461 + (-2 - (i + 1)). List the prime factors of r/(-6) + (-3)/(-2).
79
Suppose 29921 = 2*q + 4741 - 3876. List the prime factors of q.
2, 227
Suppose g - 8053 = -2*s, 3*g + 3932 = 2*s - 4125. Suppose -27*q + 23*q + s = 5*u, 2*q = 3*u - 2425. List the prime factors of u.
3, 269
Let a = -13660 - -20789. List the prime factors of a.
7129
Let k(w) = 103*w - 14. Let g(v) = -69*v + 9. Let u(t) = 8*g(t) + 5*k(t). Let q be u(1). List the prime factors of 1/(-7)*-240 + 10/q.
2, 17
Let j = -9 - -103. Suppose 6*n = 110 + j. Let y = 56 - n. List the prime factors of y.
2, 11
Let v be (3 + (-5)/35)/((-2)/(-28)). Suppose 59*s - 51*s = v. What are the prime factors of s?
5
Let q = -5595 + 30391. What are the prime factors of q?
2, 6199
Let v = 102797 - 71018. What are the prime factors of v?
3, 11, 107
Let z = 267 - 263. Suppose -2*a + 3*p + 576 = 0, 0 = -z*a - 4*p + 6*p + 1144. List the prime factors of a.
3, 5, 19
Suppose b = -b + 2*n, 4*b - n = -3. Let h be (b*21)/(12/80). What are the prime factors of (12/(-10) - -1) + (-5768)/h?
41
Let u = -4369 - -12711. What are the prime factors of u?
2, 43, 97
Let h(b) = -212*b - 3196. List the prime factors of h(-16).
2, 7
Suppose 2*w - 6 = -2*i, -w + 7 = 3*i - 6. Suppose 2*v + 5*y = 657, v + 3*y - 225 - 101 = 0. Suppose 14 = i*x - v. What are the prime factors of x?
71
Let a(u) = -u**3 - 7*u**2 - 6*u + 5. Let y be a(-6). Suppose y*f - 29 = -4. Suppose f*p - 1305 = -0*p. List the prime factors of p.
3, 29
Suppose -47*s + 114816 = 31*s. List the prime factors of s.
2, 23
Let l = -3653 - -577. What are the prime factors of (-26)/(-91) - l/14?
2, 5, 11
Let d = -11 + 14. Suppose 13*b - d*b = -210. Let n = b - -97. List the prime factors of n.
2, 19
Suppose -5 = -u - 4*u. Let w be 31 + (-3 + -2)*u. What are the prime factors of 0 + 12/4 + w*2?
5, 11
Suppose n - 936 = -2*t, 486 = t - 27*n + 23*n. Let d = 12 - 8. Suppose -4*y - 3*g = -t - 178, d*g + 810 = 5*y. What are the prime factors of y?
2, 3
Suppose -5*n = -h + 91, -30 = 6*n - 4*n - 2*h. Let q(z) = -z**2 - 5*z + 1. Let b be q(-7). Let f = b - n. List the prime factors of f.
2, 3
Let o(p) = 4278*p - 12155. List the prime factors of o(24).
7, 67, 193
Let b = -222 + 244. Suppose 5*h - 2211 = -2*p, -2*h - 25*p + b*p + 880 = 0. What are the prime factors of h?
443
Let q = 73 + -66. Let h be q/14*(86 + 0). Suppose -i = -58 - h. What are the prime factors of i?
101
Let a be -15*(-5)/(-26 - 4)*-6. Let p(k) = 15*k + 144. List the prime factors of p(a).
3, 41
Let a = 5981 - -4562. What are the prime factors of a?
13, 811
Suppose 4*s + 42 = 16*h - 14*h, 0 = -5*s. List the prime factors of h + -13 + 448 + (-5 - -1).
2, 113
Let v(b) = -b + 37. Let r be v(-13). Let d be (-28)/21*18/(-4). What are the prime factors of -1*r/(-6) + (-2)/d?
2
Suppose 4*i + 3*r - 2750 = 44074, -i + 11651 = -13*r. List the prime factors of i.
3, 47, 83
Suppose -154*y - 684900 = -204*y. What are the prime factors of y?
2, 3, 761
Suppose 3*i = 5*f - 2465, 58*f = 55*f + 3*i + 1479. Let l = 1321 - f. List the prime factors of l.
2, 3, 23
Suppose 183*u + 1144291 = 4026358. List the prime factors of u.
15749
Let o be 7/21*13023/1. Suppose 0 = 32*g - 3627 - o. List the prime factors of g.
3, 83
Suppose -43*h + 4509 = -9861 + 2889. List the prime factors of h.
3, 89
Let t(r) = 9*r**2 + 39*r - 451. List the prime factors of t(35).
11939
Suppose -8*x + 791 = -1345. Let a = -72 + x. What are the prime factors of a?
3, 5, 13
Let g(p) = -25*p + 10. Let z(f) be the third derivative of -f**5/30 - f**4/2 + 3*f**3/2 - 5*f**2. Let a be z(-7). List the prime factors of g(a).
3, 5
Suppose 0 = -4*x - 16, -3*x + 8*x = -4*d + 100652. List the prime factors of d.
2, 11, 13
Let z(g) = -g**3 - 8*g**2 + 7*g - 12. Let p be z(-9). Let r be (-2)/(-4)*(-2 - p/3). Let w(v) = 25*v**2 + 3*v - 1. List the prime factors of w(r).
3, 31
Let d(f) = 20205*f + 72. List the prime factors of d(1).
3, 751
Let b = 245 - -655. Suppose -k + 2*k + b = 5*v, 5*v + 4*k - 900 = 0. What are the prime factors of v?
2, 3, 5
Let c(r) be the first derivative of 35*r**4/2 + r**3/3 + r**2/2 - r - 1. Suppose 5*y - 18 = 2*y, 27 = 3*w + 4*y. List the prime factors of c(w).
71
Suppose 95 = -6*m + 893. Let b = 433 - m. List the prime factors of b.
2, 3, 5
Suppose 0 = o + v + 2, -6*o - 34 = -3*o - 4*v. What are the prime factors of -1 + o - 26052/(-26)?
5, 199
Let o be (46/10 - (6 - 3))*10. Let c(l) = 5*l**2 - 34*l + 1. What are the prime factors of c(o)?
11, 67
Let m be (-30)/(1/(-6) + (-57)/(-126)). Let p = m + 126. Suppose -y = -2*w + 24 + 19, 0 = -w + y + p. What are the prime factors of w?
2, 11
Suppose -3*t = -3*t + 5*t. Suppose t = 4*l + n + 684, 80 = 2*l + n + 420. Let h = l + 259. What are the prime factors of h?
3, 29
Suppose 0 = -b + 5*x + 11144, -5*b + 55699 = -37*x + 33*x. What are the prime factors of b?
3, 47, 79
Let n = 49221 + -10776. List the prime factors of n.
3, 5, 11, 233
Let h = 64105 - 9731. What are the prime factors of h?
2, 31, 877
Suppose 3*o - 29 = -5*w + 96, 2*o = -2*w + 50. Suppose -w*d = -28*d + 1371. What are the prime factors of d?
457
Suppose -6417*w = -6398*w - 165167. List the prime factors of w.
8693
Let u(g) = -517*g + 297. What are the prime factors of u(-14)?
5, 11, 137
Let o be (-92)/(8/(-2)) - (4 - 5). Let g(q) = 2*q - 44. Let u be g(o). Suppose 0*i = -3*y - 4*i + 421, -u*y - 3*i = -552. List the prime factors of y.
3, 5
Suppose 5*r - 2*r - 45 = 5*y, -5*r - 4*y + 112 = 0. Suppose a + 2*h + 5 = 14, r = 2*a + 2*h. Let x(b) = -b**2 + 14*b - 15. List the prime factors of x(a).
2, 3
Suppose -15609 - 106981 = -26*i. List the prime factors of i.
5, 23, 41
Suppose 10 - 20 = 2*s, 4*h - 37 = 5*s. Suppose -c = h*t - 1040, c + 4*c - 5181 = 4*t. List the prime factors of c.
17, 61
Let